{"id":699,"date":"2025-03-21T21:40:49","date_gmt":"2025-03-21T21:40:49","guid":{"rendered":"https:\/\/terresdefetes.com\/?page_id=699"},"modified":"2025-03-27T10:51:27","modified_gmt":"2025-03-27T10:51:27","slug":"eco-responsible","status":"publish","type":"page","link":"https:\/\/terresdefetes.com\/en\/eco-responsible\/","title":{"rendered":"\u00c9CO-RESPONSIBLE"},"content":{"rendered":"<div data-elementor-type=\"wp-page\" data-elementor-id=\"699\" class=\"elementor elementor-699\">\n\t\t\t\t<div class=\"elementor-element elementor-element-3c0655b e-flex e-con-boxed e-con e-parent\" data-id=\"3c0655b\" data-element_type=\"container\">\n\t\t\t\t\t<div class=\"e-con-inner\">\n\t\t\t\t<div class=\"elementor-element elementor-element-35bb72e elementor-align-center elementor-tablet-align-center elementor-widget elementor-widget-button\" data-id=\"35bb72e\" data-element_type=\"widget\" data-widget_type=\"button.default\">\n\t\t\t\t<div class=\"elementor-widget-container\">\n\t\t\t\t\t\t\t\t\t<div class=\"elementor-button-wrapper\">\n\t\t\t\t\t<a class=\"elementor-button elementor-size-sm\" role=\"button\">\n\t\t\t\t\t\t<span class=\"elementor-button-content-wrapper\">\n\t\t\t\t\t\t\t\t\t<span class=\"elementor-button-text\">Eco-responsable<\/span>\n\t\t\t\t\t<\/span>\n\t\t\t\t\t<\/a>\n\t\t\t\t<\/div>\n\t\t\t\t\t\t\t\t<\/div>\n\t\t\t\t<\/div>\n\t\t\t\t<div class=\"elementor-element elementor-element-bd18467 elementor-widget elementor-widget-heading\" data-id=\"bd18467\" data-element_type=\"widget\" data-widget_type=\"heading.default\">\n\t\t\t\t<div class=\"elementor-widget-container\">\n\t\t\t\t\t<h1 class=\"elementor-heading-title elementor-size-default\">TO BE AN ACTOR OF CHANGE TOWARDS AN ECO-RESPONSIBLE ECONOMY<\/h1>\t\t\t\t<\/div>\n\t\t\t\t<\/div>\n\t\t\t\t\t<\/div>\n\t\t\t\t<\/div>\n\t\t<div class=\"elementor-element elementor-element-39d1c94 e-flex e-con-boxed e-con e-parent\" data-id=\"39d1c94\" data-element_type=\"container\">\n\t\t\t\t\t<div class=\"e-con-inner\">\n\t\t\t\t<div class=\"elementor-element elementor-element-607ebbce elementor-widget elementor-widget-heading\" data-id=\"607ebbce\" data-element_type=\"widget\" data-widget_type=\"heading.default\">\n\t\t\t\t<div class=\"elementor-widget-container\">\n\t\t\t\t\t<h2 class=\"elementor-heading-title elementor-size-default\">Notre r\u00e9flexion est quotidienne pour am\u00e9liorer notre implication et adapter notre activit\u00e9.<\/h2>\t\t\t\t<\/div>\n\t\t\t\t<\/div>\n\t\t\t\t<div class=\"elementor-element elementor-element-0f63ca3 elementor-widget elementor-widget-spacer\" data-id=\"0f63ca3\" data-element_type=\"widget\" data-widget_type=\"spacer.default\">\n\t\t\t\t<div class=\"elementor-widget-container\">\n\t\t\t\t\t\t\t<div class=\"elementor-spacer\">\n\t\t\t<div class=\"elementor-spacer-inner\"><\/div>\n\t\t<\/div>\n\t\t\t\t\t\t<\/div>\n\t\t\t\t<\/div>\n\t\t\t\t<div class=\"elementor-element elementor-element-b3f32a3 elementor-widget elementor-widget-image\" data-id=\"b3f32a3\" data-element_type=\"widget\" data-widget_type=\"image.default\">\n\t\t\t\t<div class=\"elementor-widget-container\">\n\t\t\t\t\t\t\t\t\t\t\t\t\t\t\t<img fetchpriority=\"high\" decoding=\"async\" width=\"1920\" height=\"1280\" src=\"https:\/\/terresdefetes.com\/wp-content\/uploads\/2025\/03\/environmental_protection_326923_1920.jpg\" class=\"attachment-full size-full wp-image-738\" alt=\"\" srcset=\"https:\/\/terresdefetes.com\/wp-content\/uploads\/2025\/03\/environmental_protection_326923_1920.jpg 1920w, https:\/\/terresdefetes.com\/wp-content\/uploads\/2025\/03\/environmental_protection_326923_1920-300x200.jpg 300w, https:\/\/terresdefetes.com\/wp-content\/uploads\/2025\/03\/environmental_protection_326923_1920-1024x683.jpg 1024w, https:\/\/terresdefetes.com\/wp-content\/uploads\/2025\/03\/environmental_protection_326923_1920-768x512.jpg 768w, https:\/\/terresdefetes.com\/wp-content\/uploads\/2025\/03\/environmental_protection_326923_1920-1536x1024.jpg 1536w, https:\/\/terresdefetes.com\/wp-content\/uploads\/2025\/03\/environmental_protection_326923_1920-18x12.jpg 18w\" sizes=\"(max-width: 1920px) 100vw, 1920px\" \/>\t\t\t\t\t\t\t\t\t\t\t\t\t\t\t<\/div>\n\t\t\t\t<\/div>\n\t\t\t\t\t<\/div>\n\t\t\t\t<\/div>\n\t\t<div class=\"elementor-element elementor-element-7a973c04 e-flex e-con-boxed e-con e-parent\" data-id=\"7a973c04\" data-element_type=\"container\">\n\t\t\t\t\t<div class=\"e-con-inner\">\n\t\t\t\t<div class=\"elementor-element elementor-element-62a133f7 elementor-widget elementor-widget-text-editor\" data-id=\"62a133f7\" data-element_type=\"widget\" data-widget_type=\"text-editor.default\">\n\t\t\t\t<div class=\"elementor-widget-container\">\n\t\t\t\t\t\t\t\t\t<p><strong>Notre r\u00e9flexion est quotidienne pour am\u00e9liorer notre implication et adapter notre activit\u00e9.<\/strong><\/p><ul><li>Rationalisation du tri et de la gestion des d\u00e9chets<\/li><li>Am\u00e9lioration de notre indice carbone vers une meilleure gestion de la<\/li><li>logistique sur nos \u00e9v\u00e8nements (transport, etc\u2026)<\/li><li>Utilisation de panneaux photovolta\u00efques<\/li><li>Filtration des eaux grises par les plantes \u2013 Toilettes s\u00e8che<\/li><\/ul><p><strong>EN ACTION<\/strong><\/p><p>Concr\u00e9tisation de notre engagement lors de la COY 12 et de la COP 22 : Installation d\u2019un \u00e9co-bivouac sur le site de l\u2019\u00e9co-lodge l\u2019Aloe d\u2019Agafay du 03 au 18 novembre 2016 (Route du lac Lalla Takerkoust \u2013 Douar Oumnass)<\/p><p><strong>D\u00c9TAILS :<\/strong><\/p><ul><li>Alimentation \u00e9lectrique : panneaux photovolta\u00efques<\/li><li>Toilettes s\u00e8ches<\/li><li>Filtration des eaux grises des douches par des plantes aquatiques<\/li><li>Chauffe eau solaire<\/li><li>\u00c9laboration des repas avec des producteurs locaux qui utilisent la permaculture afin de sensibiliser \u00e0 la nutrition<\/li><li>Charbon vert<\/li><li>Verres recycl\u00e9s<\/li><li>Conception et fabrication d\u2019un four et d\u2019un cuiseur solaire pour pr\u00e9sentation au public<\/li><\/ul><p><strong>NOUS JOINDRE :<\/strong><\/p><p>Si vous souhaitez entrer en contact avec nous pour obtenir des informations ou envoyer un appel d\u2019offres, il suffit d\u2019utiliser notre formulaire de contact ou envoyez-nous un mail \u00e0 <a href=\"mailto:contact@terresdefetes.com\">contact@terresdefetes.com<\/a>, nous serons heureux de vous r\u00e9pondre dans les plus brefs d\u00e9lais<\/p>\t\t\t\t\t\t\t\t<\/div>\n\t\t\t\t<\/div>\n\t\t\t\t\t<\/div>\n\t\t\t\t<\/div>\n\t\t<div class=\"elementor-element elementor-element-664525cd e-flex e-con-boxed e-con e-parent\" data-id=\"664525cd\" data-element_type=\"container\" data-settings=\"{&quot;background_background&quot;:&quot;classic&quot;}\">\n\t\t\t\t\t<div class=\"e-con-inner\">\n\t\t\t\t<div class=\"elementor-element elementor-element-486226e4 elementor-widget elementor-widget-heading\" data-id=\"486226e4\" data-element_type=\"widget\" data-widget_type=\"heading.default\">\n\t\t\t\t<div class=\"elementor-widget-container\">\n\t\t\t\t\t<div class=\"elementor-heading-title elementor-size-default\">Entrust us with your expectations<\/div>\t\t\t\t<\/div>\n\t\t\t\t<\/div>\n\t\t\t\t\t<\/div>\n\t\t\t\t<\/div>\n\t\t\t\t<\/div>","protected":false},"excerpt":{"rendered":"<p>Eco-responsable POUR \u00caTRE ACTEUR DU CHANGEMENT VERS UNE \u00c9CONOMIE \u00c9CO-RESPONSABLE Notre r\u00e9flexion est quotidienne pour am\u00e9liorer notre implication et adapter notre activit\u00e9. Notre r\u00e9flexion est quotidienne pour am\u00e9liorer notre implication et adapter notre activit\u00e9. Rationalisation du tri et de la gestion des d\u00e9chets Am\u00e9lioration de notre indice carbone vers une meilleure gestion de la logistique [&hellip;]<\/p>","protected":false},"author":1,"featured_media":0,"parent":0,"menu_order":0,"comment_status":"closed","ping_status":"closed","template":"elementor_header_footer","meta":{"footnotes":""},"class_list":["post-699","page","type-page","status-publish","hentry"],"_links":{"self":[{"href":"https:\/\/terresdefetes.com\/en\/wp-json\/wp\/v2\/pages\/699","targetHints":{"allow":["GET"]}}],"collection":[{"href":"https:\/\/terresdefetes.com\/en\/wp-json\/wp\/v2\/pages"}],"about":[{"href":"https:\/\/terresdefetes.com\/en\/wp-json\/wp\/v2\/types\/page"}],"author":[{"embeddable":true,"href":"https:\/\/terresdefetes.com\/en\/wp-json\/wp\/v2\/users\/1"}],"replies":[{"embeddable":true,"href":"https:\/\/terresdefetes.com\/en\/wp-json\/wp\/v2\/comments?post=699"}],"version-history":[{"count":16,"href":"https:\/\/terresdefetes.com\/en\/wp-json\/wp\/v2\/pages\/699\/revisions"}],"predecessor-version":[{"id":747,"href":"https:\/\/terresdefetes.com\/en\/wp-json\/wp\/v2\/pages\/699\/revisions\/747"}],"wp:attachment":[{"href":"https:\/\/terresdefetes.com\/en\/wp-json\/wp\/v2\/media?parent=699"}],"curies":[{"name":"wp","href":"https:\/\/api.w.org\/{rel}","templated":true}]}}

ÉCO-RESPONSIBLE

<div data-elementor-type="wp-page" data-elementor-id="699" class="elementor elementor-699">
				<div class="elementor-element elementor-element-3c0655b e-flex e-con-boxed e-con e-parent" data-id="3c0655b" data-element_type="container">
					<div class="e-con-inner">
				<div class="elementor-element elementor-element-35bb72e elementor-align-center elementor-tablet-align-center elementor-widget elementor-widget-button" data-id="35bb72e" data-element_type="widget" data-widget_type="button.default">
				<div class="elementor-widget-container">
									<div class="elementor-button-wrapper">
					<a class="elementor-button elementor-size-sm" role="button">
						<span class="elementor-button-content-wrapper">
									<span class="elementor-button-text">Eco-responsable</span>
					</span>
					</a>
				</div>
								</div>
				</div>
				<div class="elementor-element elementor-element-bd18467 elementor-widget elementor-widget-heading" data-id="bd18467" data-element_type="widget" data-widget_type="heading.default">
				<div class="elementor-widget-container">
					<h1 class="elementor-heading-title elementor-size-default">TO BE AN ACTOR OF CHANGE TOWARDS AN ECO-RESPONSIBLE ECONOMY</h1>				</div>
				</div>
					</div>
				</div>
		<div class="elementor-element elementor-element-39d1c94 e-flex e-con-boxed e-con e-parent" data-id="39d1c94" data-element_type="container">
					<div class="e-con-inner">
				<div class="elementor-element elementor-element-607ebbce elementor-widget elementor-widget-heading" data-id="607ebbce" data-element_type="widget" data-widget_type="heading.default">
				<div class="elementor-widget-container">
					<h2 class="elementor-heading-title elementor-size-default">Notre réflexion est quotidienne pour améliorer notre implication et adapter notre activité.</h2>				</div>
				</div>
				<div class="elementor-element elementor-element-0f63ca3 elementor-widget elementor-widget-spacer" data-id="0f63ca3" data-element_type="widget" data-widget_type="spacer.default">
				<div class="elementor-widget-container">
							<div class="elementor-spacer">
			<div class="elementor-spacer-inner"></div>
		</div>
						</div>
				</div>
				<div class="elementor-element elementor-element-b3f32a3 elementor-widget elementor-widget-image" data-id="b3f32a3" data-element_type="widget" data-widget_type="image.default">
				<div class="elementor-widget-container">
															<img fetchpriority="high" decoding="async" width="1920" height="1280" src="https://terresdefetes.com/wp-content/uploads/2025/03/environmental_protection_326923_1920.jpg" class="attachment-full size-full wp-image-738" alt="" srcset="https://terresdefetes.com/wp-content/uploads/2025/03/environmental_protection_326923_1920.jpg 1920w, https://terresdefetes.com/wp-content/uploads/2025/03/environmental_protection_326923_1920-300x200.jpg 300w, https://terresdefetes.com/wp-content/uploads/2025/03/environmental_protection_326923_1920-1024x683.jpg 1024w, https://terresdefetes.com/wp-content/uploads/2025/03/environmental_protection_326923_1920-768x512.jpg 768w, https://terresdefetes.com/wp-content/uploads/2025/03/environmental_protection_326923_1920-1536x1024.jpg 1536w, https://terresdefetes.com/wp-content/uploads/2025/03/environmental_protection_326923_1920-18x12.jpg 18w" sizes="(max-width: 1920px) 100vw, 1920px" />															</div>
				</div>
					</div>
				</div>
		<div class="elementor-element elementor-element-7a973c04 e-flex e-con-boxed e-con e-parent" data-id="7a973c04" data-element_type="container">
					<div class="e-con-inner">
				<div class="elementor-element elementor-element-62a133f7 elementor-widget elementor-widget-text-editor" data-id="62a133f7" data-element_type="widget" data-widget_type="text-editor.default">
				<div class="elementor-widget-container">
									<p><strong>Notre réflexion est quotidienne pour améliorer notre implication et adapter notre activité.</strong></p><ul><li>Rationalisation du tri et de la gestion des déchets</li><li>Amélioration de notre indice carbone vers une meilleure gestion de la</li><li>logistique sur nos évènements (transport, etc…)</li><li>Utilisation de panneaux photovoltaïques</li><li>Filtration des eaux grises par les plantes – Toilettes sèche</li></ul><p><strong>EN ACTION</strong></p><p>Concrétisation de notre engagement lors de la COY 12 et de la COP 22 : Installation d’un éco-bivouac sur le site de l’éco-lodge l’Aloe d’Agafay du 03 au 18 novembre 2016 (Route du lac Lalla Takerkoust – Douar Oumnass)</p><p><strong>DÉTAILS :</strong></p><ul><li>Alimentation électrique : panneaux photovoltaïques</li><li>Toilettes sèches</li><li>Filtration des eaux grises des douches par des plantes aquatiques</li><li>Chauffe eau solaire</li><li>Élaboration des repas avec des producteurs locaux qui utilisent la permaculture afin de sensibiliser à la nutrition</li><li>Charbon vert</li><li>Verres recyclés</li><li>Conception et fabrication d’un four et d’un cuiseur solaire pour présentation au public</li></ul><p><strong>NOUS JOINDRE :</strong></p><p>Si vous souhaitez entrer en contact avec nous pour obtenir des informations ou envoyer un appel d’offres, il suffit d’utiliser notre formulaire de contact ou envoyez-nous un mail à <a href="mailto:contact@terresdefetes.com">contact@terresdefetes.com</a>, nous serons heureux de vous répondre dans les plus brefs délais</p>								</div>
				</div>
					</div>
				</div>
		<div class="elementor-element elementor-element-664525cd e-flex e-con-boxed e-con e-parent" data-id="664525cd" data-element_type="container" data-settings="{&quot;background_background&quot;:&quot;classic&quot;}">
					<div class="e-con-inner">
				<div class="elementor-element elementor-element-486226e4 elementor-widget elementor-widget-heading" data-id="486226e4" data-element_type="widget" data-widget_type="heading.default">
				<div class="elementor-widget-container">
					<div class="elementor-heading-title elementor-size-default">Entrust us with your expectations</div>				</div>
				</div>
					</div>
				</div>
				</div>

<p>Eco-responsable POUR ÊTRE ACTEUR DU CHANGEMENT VERS UNE ÉCONOMIE ÉCO-RESPONSABLE Notre réflexion est quotidienne pour améliorer notre implication et adapter notre activité. Notre réflexion est quotidienne pour améliorer notre implication et adapter notre activité. Rationalisation du tri et de la gestion des déchets Amélioration de notre indice carbone vers une meilleure gestion de la logistique [&hellip;]</p>
